{"id":252,"date":"2024-02-03T02:18:57","date_gmt":"2024-02-03T01:18:57","guid":{"rendered":"https:\/\/alpacarealperu.com\/?post_type=product&#038;p=252"},"modified":"2024-02-03T02:18:57","modified_gmt":"2024-02-03T01:18:57","slug":"gorro-caoba-doble-100-alpaca","status":"publish","type":"product","link":"https:\/\/alpacarealperu.com\/index.php\/product\/gorro-caoba-doble-100-alpaca\/","title":{"rendered":"Gorro caoba doble 100% alpaca"},"content":{"rendered":"","protected":false},"excerpt":{"rendered":"<p>Este c\u00e1lido accesorio para el clima fr\u00edo, con llamativos colores tostado y caoba, est\u00e1 tejido con 100 % lana de alpaca, y presenta motivos trenzados y doble tejido. Este sombrero se encuentra en las tierras altas andinas y muestra c\u00f3mo el usuario y el abrigador lo usan.<\/p>\n","protected":false},"featured_media":37,"comment_status":"open","ping_status":"closed","template":"","meta":[],"product_cat":[21,18],"product_tag":[],"jetpack_sharing_enabled":true,"_links":{"self":[{"href":"https:\/\/alpacarealperu.com\/index.php\/wp-json\/wp\/v2\/product\/252"}],"collection":[{"href":"https:\/\/alpacarealperu.com\/index.php\/wp-json\/wp\/v2\/product"}],"about":[{"href":"https:\/\/alpacarealperu.com\/index.php\/wp-json\/wp\/v2\/types\/product"}],"replies":[{"embeddable":true,"href":"https:\/\/alpacarealperu.com\/index.php\/wp-json\/wp\/v2\/comments?post=252"}],"wp:featuredmedia":[{"embeddable":true,"href":"https:\/\/alpacarealperu.com\/index.php\/wp-json\/wp\/v2\/media\/37"}],"wp:attachment":[{"href":"https:\/\/alpacarealperu.com\/index.php\/wp-json\/wp\/v2\/media?parent=252"}],"wp:term":[{"taxonomy":"product_cat","embeddable":true,"href":"https:\/\/alpacarealperu.com\/index.php\/wp-json\/wp\/v2\/product_cat?post=252"},{"taxonomy":"product_tag","embeddable":true,"href":"https:\/\/alpacarealperu.com\/index.php\/wp-json\/wp\/v2\/product_tag?post=252"}],"curies":[{"name":"wp","href":"https:\/\/api.w.org\/{rel}","templated":true}]}}