{"id":129,"date":"2024-01-30T23:54:51","date_gmt":"2024-01-30T22:54:51","guid":{"rendered":"https:\/\/alpacarealperu.com\/?page_id=129"},"modified":"2024-01-30T23:54:53","modified_gmt":"2024-01-30T22:54:53","slug":"politica-de-privacidad","status":"publish","type":"page","link":"https:\/\/alpacarealperu.com\/index.php\/politica-de-privacidad\/","title":{"rendered":"Pol\u00edtica de privacidad"},"content":{"rendered":"\n<p id=\"nombre-de-la-tienda-pol\u00edtica-de-privacidad\">Esta Pol\u00edtica de Privacidad describe c\u00f3mo se recopila, utiliza y comparte tu informaci\u00f3n personal cuando visitas o realizas una compra en\u00a0Alpaca Real Per\u00fa.<\/p>\n\n\n\n<p><strong>QU\u00c9 INFORMACI\u00d3N PERSONAL RECOPILAMOS<\/strong><\/p>\n\n\n\n<p>Cuando visitas el Sitio, recopilamos autom\u00e1ticamente cierta informaci\u00f3n sobre tu dispositivo, incluida informaci\u00f3n sobre tu navegador web, direcci\u00f3n IP, zona horaria y algunas de las cookies que est\u00e1n instaladas en tu dispositivo.<\/p>\n\n\n\n<p>Adem\u00e1s, a medida que navegas por el Sitio, recopilamos informaci\u00f3n sobre las p\u00e1ginas web individuales o los productos que ves, qu\u00e9 sitios web o t\u00e9rminos de b\u00fasqueda te remiten al Sitio, e informaci\u00f3n sobre c\u00f3mo interact\u00faas con el Sitio. Nos referimos a esta informaci\u00f3n recopilada autom\u00e1ticamente como&nbsp;<strong>Informaci\u00f3n del Dispositivo<\/strong>&nbsp;(device information).<\/p>\n\n\n\n<p>Recopilamos informaci\u00f3n del dispositivo utilizando las siguientes tecnolog\u00edas:<\/p>\n\n\n\n<ul>\n<li><strong>Cookies<\/strong>: son archivos de datos que se colocan en tu dispositivo o computadora y con frecuencia incluyen un identificador \u00fanico an\u00f3nimo.<\/li>\n\n\n\n<li><strong>Archivos de registro<\/strong>: rastrean las acciones que ocurren en el Sitio y recopilan datos, incluida tu direcci\u00f3n IP, el tipo de navegador, el proveedor de servicios de Internet, las p\u00e1ginas de referencia\/salida y las marcas de fecha y hora.<\/li>\n<\/ul>\n\n\n\n<p><em>Menciona todas las dem\u00e1s herramientas de seguimiento y\/o tecnolog\u00edas que usa tu sitio web.<\/em><\/p>\n\n\n\n<p>Adem\u00e1s, cuando efect\u00faas una compra o intentas realizar una compra a trav\u00e9s del Sitio, recopilamos cierta informaci\u00f3n tuya, como tu nombre, direcci\u00f3n de facturaci\u00f3n, direcci\u00f3n de env\u00edo, informaci\u00f3n de pago, incluidos n\u00fameros de tarjetas de cr\u00e9dito (<strong>menciona todos los tipos de pagos aceptados<\/strong>), direcci\u00f3n de email y el n\u00famero de tel\u00e9fono. Esto se denomina&nbsp;<strong>Informaci\u00f3n del Pedido<\/strong>.<\/p>\n\n\n\n<p><em>Aseg\u00farate de mencionar toda otra informaci\u00f3n que recopiles.<\/em><\/p>\n\n\n\n<p>Al referirnos a&nbsp;<strong>Informaci\u00f3n Personal<\/strong>&nbsp;en esta Pol\u00edtica de Privacidad, estamos hablando tanto de la Informaci\u00f3n del Dispositivo como de la Informaci\u00f3n del Pedido.<\/p>\n\n\n\n<p><strong>C\u00d3MO USAMOS TU INFORMACI\u00d3N PERSONAL<\/strong><\/p>\n\n\n\n<p>Utilizamos la Informaci\u00f3n de Pedido que recopilamos por lo general para cumplir con los pedidos realizados a trav\u00e9s del Sitio (incluido el procesamiento de tu informaci\u00f3n de pago, la organizaci\u00f3n del env\u00edo y el env\u00edo de facturas y\/o confirmaciones de pedidos).<\/p>\n\n\n\n<p>Adem\u00e1s, usamos esta Informaci\u00f3n del Pedido para: comunicarnos contigo, examinar nuestros pedidos para detectar posibles riesgos o fraudes, para (en l\u00ednea con las preferencias que has compartido con nosotros) ofrecerte informaci\u00f3n o publicidad relacionada con nuestros productos o servicios.<\/p>\n\n\n\n<p>Utilizamos la Informaci\u00f3n del Dispositivo que recopilamos para ayudarnos a detectar posibles riesgos y fraudes (en particular, tu direcci\u00f3n IP) y, en general, para mejorar y optimizar nuestro sitio.<\/p>\n\n\n\n<p><strong>COMPARTIENDO TU INFORMACI\u00d3N PERSONAL<\/strong><\/p>\n\n\n\n<p>Compartimos tu Informaci\u00f3n Personal con terceros para ayudarnos a utilizarla como se describi\u00f3 anteriormente.<\/p>\n\n\n\n<p>Tambi\u00e9n empleamos Google Analytics para ayudarnos a comprender c\u00f3mo nuestros clientes usan <a href=\"https:\/\/alpacarealperu.com\/\" data-type=\"link\" data-id=\"https:\/\/alpacarealperu.com\/\" target=\"_blank\" rel=\"noreferrer noopener\">www.alpacarealperu.com<\/a>.\u00a0<a href=\"https:\/\/www.google.com\/intl\/en\/policies\/privacy\/\">C\u00f3mo usa Google tu Informaci\u00f3n Personal.<\/a>.<\/p>\n\n\n\n<p>Finalmente, tambi\u00e9n podemos compartir tu Informaci\u00f3n Personal para cumplir con las leyes y regulaciones aplicables, para responder a una citaci\u00f3n, una orden de registro u otras solicitudes legales de informaci\u00f3n que recibimos, o para proteger nuestros derechos.<\/p>\n\n\n\n<p><strong>PUBLICIDAD DE COMPORTAMIENTO<\/strong><\/p>\n\n\n\n<p>Utilizamos tu Informaci\u00f3n Personal para proporcionarte anuncios espec\u00edficos o comunicaciones de marketing que creemos que pueden ser de tu inter\u00e9s.<\/p>\n\n\n\n<p><em>Menciona los enlaces opt-out de servicios externos, tales como:<\/em><\/p>\n\n\n\n<ul>\n<li><a href=\"https:\/\/www.facebook.com\/settings\/?tab=ads\">Facebook<\/a><\/li>\n\n\n\n<li><a href=\"https:\/\/www.google.com\/settings\/ads\/anonymous\">Google<\/a><\/li>\n<\/ul>\n\n\n\n<p>Puedes inhabilitar la publicidad dirigida\u2026<\/p>\n\n\n\n<p><strong>TUS DERECHOS<\/strong><\/p>\n\n\n\n<p>Si eres un residente europeo, tienes derecho a acceder a la informaci\u00f3n personal que tenemos sobre ti y a solicitar que tu informaci\u00f3n personal se corrija, actualice o elimine. Si deseas ejercer este derecho, por favor cont\u00e1ctanos.<\/p>\n\n\n\n<p>Adem\u00e1s, si eres un residente europeo, notamos que estamos procesando tu informaci\u00f3n para cumplir con los contratos que podr\u00edamos tener contigo (por ejemplo, si realizas un pedido a trav\u00e9s del Sitio), o de otra manera para perseguir nuestros intereses comerciales leg\u00edtimos mencionados anteriormente.<\/p>\n\n\n\n<p>Ten en cuenta que tu informaci\u00f3n se transferir\u00e1 fuera de Europa, incluso a Canad\u00e1 y Estados Unidos.<\/p>\n\n\n\n<p><strong>RETENCI\u00d3N DE DATOS<\/strong><\/p>\n\n\n\n<p>Cuando realices un pedido a trav\u00e9s del Sitio, mantendremos tu Informaci\u00f3n de Pedido para nuestros registros a menos que y hasta que nos solicites eliminar esta informaci\u00f3n.<\/p>\n\n\n\n<p><strong>MENORES<\/strong><\/p>\n\n\n\n<p>El Sitio no est\u00e1 destinado a personas menores de edad (Seg\u00fan la ley de cada pa\u00eds).<\/p>\n\n\n\n<p><strong>CAMBIOS<\/strong>&nbsp;Podemos actualizar esta pol\u00edtica de privacidad de vez en cuando para reflejar, por ejemplo, cambios en nuestras pr\u00e1cticas o por otras razones operativas, legales o reglamentarias.<\/p>\n","protected":false},"excerpt":{"rendered":"<p>Esta Pol\u00edtica de Privacidad describe c\u00f3mo se recopila, utiliza y comparte tu informaci\u00f3n personal cuando visitas o realizas una compra en\u00a0Alpaca Real Per\u00fa. QU\u00c9 INFORMACI\u00d3N &hellip; <\/p>\n","protected":false},"author":1,"featured_media":0,"parent":0,"menu_order":0,"comment_status":"closed","ping_status":"closed","template":"","meta":{"footnotes":""},"jetpack_sharing_enabled":true,"_links":{"self":[{"href":"https:\/\/alpacarealperu.com\/index.php\/wp-json\/wp\/v2\/pages\/129"}],"collection":[{"href":"https:\/\/alpacarealperu.com\/index.php\/wp-json\/wp\/v2\/pages"}],"about":[{"href":"https:\/\/alpacarealperu.com\/index.php\/wp-json\/wp\/v2\/types\/page"}],"author":[{"embeddable":true,"href":"https:\/\/alpacarealperu.com\/index.php\/wp-json\/wp\/v2\/users\/1"}],"replies":[{"embeddable":true,"href":"https:\/\/alpacarealperu.com\/index.php\/wp-json\/wp\/v2\/comments?post=129"}],"version-history":[{"count":1,"href":"https:\/\/alpacarealperu.com\/index.php\/wp-json\/wp\/v2\/pages\/129\/revisions"}],"predecessor-version":[{"id":130,"href":"https:\/\/alpacarealperu.com\/index.php\/wp-json\/wp\/v2\/pages\/129\/revisions\/130"}],"wp:attachment":[{"href":"https:\/\/alpacarealperu.com\/index.php\/wp-json\/wp\/v2\/media?parent=129"}],"curies":[{"name":"wp","href":"https:\/\/api.w.org\/{rel}","templated":true}]}}